{"id":29,"date":"2022-03-09T18:46:53","date_gmt":"2022-03-09T17:46:53","guid":{"rendered":"http:\/\/versdes.cluster029.hosting.ovh.net\/?page_id=29"},"modified":"2024-04-17T21:42:26","modified_gmt":"2024-04-17T19:42:26","slug":"collecte-compost-lombricompost-biodechets-dechets-organiques","status":"publish","type":"page","link":"https:\/\/versdetours.fr\/index.php\/collecte-compost-lombricompost-biodechets-dechets-organiques\/","title":{"rendered":"Collecte"},"content":{"rendered":"\n<h2 class=\"wp-block-heading\">Comment \u00e7a marche ?<\/h2>\n\n\n\n<p>La collecte de vos biod\u00e9chets se fait gr\u00e2ce un \u00e0 v\u00e9lo \u00e9quip\u00e9 d\u2019une remorque, et la valorisation se fait via lombricompostage. Ces d\u00e9chets deviennent un lombricompost de qualit\u00e9 par le travail des vers de terre mais aussi par toute la vie que contient le compost. Un des avantage notable de notre mod\u00e8le est son faible impact CO<sub>2<\/sub> (tant pour le transport que pour la valorisation) qui est indubitablement inf\u00e9rieur \u00e0 celui des collectes et des traitements actuels.<\/p>\n\n\n\n<p><strong>Concr\u00e8tement pour vous, comment fonctionne notre solution&nbsp;:<\/strong><\/p>\n\n\n\n<p><strong>&#8211; Au d\u00e9marrage&nbsp;: <\/strong>formation des \u00e9quipes, ou d\u2019un r\u00e9f\u00e9rent si c\u2019est que qui vous semble le plus pertinent<strong>.<\/strong> Lors de cette formation, nous sensibilisons les \u00e9quipes aux enjeux du tri, les informons des aliments acceptables dans le bac, d\u00e9terminons avec eux l\u2019emplacement du bac durant les op\u00e9rations de tri et celui o\u00f9 le bac sera install\u00e9 pour la collecte. Nous d\u00e9finissons \u00e9galement le planning des collectes.<\/p>\n\n\n\n<p><strong>&#8211; Durant le mois&nbsp;:<\/strong> nous collectons r\u00e9guli\u00e8rement les bioseaux remplis, selon un rythme d\u00e9fini au d\u00e9part et nous l\u2019\u00e9changeons contre un vide et propre<strong>.<\/strong> Les op\u00e9rations de nettoyage sont r\u00e9alis\u00e9es par nos soins, il n\u2019y a donc pas de travail suppl\u00e9mentaire pour vos \u00e9quipes.<\/p>\n\n\n\n<p><strong>&#8211; Chaque fin de mois : <\/strong>nous vous faisons parvenir une facture d\u00e9taillant le nombre de passage effectu\u00e9 et le nombre de bioseau collect\u00e9 par passage.<\/p>\n\n\n\n<h4 class=\"wp-block-heading\"><strong>Vous \u00eates professionnel et souhaitez faire valoriser vos biod\u00e9chets, contactez-nous d\u00e8s maintenant<\/strong><\/h4>\n\n\n\n<p>[contact-form-7 id=\u00a0\u00bb107&Prime; title=\u00a0\u00bbFormulaire de contact 1&Prime;]<\/p>\n","protected":false},"excerpt":{"rendered":"<p>Comment \u00e7a marche ? La collecte de vos biod\u00e9chets se fait gr\u00e2ce un \u00e0 v\u00e9lo \u00e9quip\u00e9 d\u2019une remorque, et la valorisation se fait via lombricompostage. Ces d\u00e9chets deviennent un lombricompost de qualit\u00e9 par le travail des vers de terre mais aussi par toute la vie que contient le compost. Un des avantage notable de notre [&hellip;]<\/p>\n","protected":false},"author":1,"featured_media":0,"parent":0,"menu_order":0,"comment_status":"closed","ping_status":"closed","template":"","meta":{"ocean_post_layout":"full-width","ocean_both_sidebars_style":"","ocean_both_sidebars_content_width":0,"ocean_both_sidebars_sidebars_width":0,"ocean_sidebar":"0","ocean_second_sidebar":"0","ocean_disable_margins":"enable","ocean_add_body_class":"","ocean_shortcode_before_top_bar":"","ocean_shortcode_after_top_bar":"","ocean_shortcode_before_header":"","ocean_shortcode_after_header":"","ocean_has_shortcode":"","ocean_shortcode_after_title":"","ocean_shortcode_before_footer_widgets":"","ocean_shortcode_after_footer_widgets":"","ocean_shortcode_before_footer_bottom":"","ocean_shortcode_after_footer_bottom":"","ocean_display_top_bar":"default","ocean_display_header":"default","ocean_header_style":"","ocean_center_header_left_menu":"0","ocean_custom_header_template":"0","ocean_custom_logo":0,"ocean_custom_retina_logo":0,"ocean_custom_logo_max_width":0,"ocean_custom_logo_tablet_max_width":0,"ocean_custom_logo_mobile_max_width":0,"ocean_custom_logo_max_height":0,"ocean_custom_logo_tablet_max_height":0,"ocean_custom_logo_mobile_max_height":0,"ocean_header_custom_menu":"0","ocean_menu_typo_font_family":"0","ocean_menu_typo_font_subset":"","ocean_menu_typo_font_size":0,"ocean_menu_typo_font_size_tablet":0,"ocean_menu_typo_font_size_mobile":0,"ocean_menu_typo_font_size_unit":"px","ocean_menu_typo_font_weight":"","ocean_menu_typo_font_weight_tablet":"","ocean_menu_typo_font_weight_mobile":"","ocean_menu_typo_transform":"","ocean_menu_typo_transform_tablet":"","ocean_menu_typo_transform_mobile":"","ocean_menu_typo_line_height":0,"ocean_menu_typo_line_height_tablet":0,"ocean_menu_typo_line_height_mobile":0,"ocean_menu_typo_line_height_unit":"","ocean_menu_typo_spacing":0,"ocean_menu_typo_spacing_tablet":0,"ocean_menu_typo_spacing_mobile":0,"ocean_menu_typo_spacing_unit":"","ocean_menu_link_color":"","ocean_menu_link_color_hover":"","ocean_menu_link_color_active":"","ocean_menu_link_background":"","ocean_menu_link_hover_background":"","ocean_menu_link_active_background":"","ocean_menu_social_links_bg":"","ocean_menu_social_hover_links_bg":"","ocean_menu_social_links_color":"","ocean_menu_social_hover_links_color":"","ocean_disable_title":"default","ocean_disable_heading":"default","ocean_post_title":"","ocean_post_subheading":"","ocean_post_title_style":"","ocean_post_title_background_color":"","ocean_post_title_background":0,"ocean_post_title_bg_image_position":"","ocean_post_title_bg_image_attachment":"","ocean_post_title_bg_image_repeat":"","ocean_post_title_bg_image_size":"","ocean_post_title_height":0,"ocean_post_title_bg_overlay":0.5,"ocean_post_title_bg_overlay_color":"","ocean_disable_breadcrumbs":"default","ocean_breadcrumbs_color":"","ocean_breadcrumbs_separator_color":"","ocean_breadcrumbs_links_color":"","ocean_breadcrumbs_links_hover_color":"","ocean_display_footer_widgets":"default","ocean_display_footer_bottom":"default","ocean_custom_footer_template":"0","footnotes":""},"class_list":["post-29","page","type-page","status-publish","hentry","entry"],"yoast_head":"<!-- This site is optimized with the Yoast SEO plugin v27.4 - https:\/\/yoast.com\/product\/yoast-seo-wordpress\/ -->\n<title>Collecte - Les Vers de Tours<\/title>\n<meta name=\"description\" content=\"Vous aussi faites collecter vos biod\u00e9chets, de mani\u00e8re d\u00e9carbon\u00e9e gr\u00e2ce \u00e0 nos collecteurs \u00e0 v\u00e9lo et remorque. Contactez-nous !\" \/>\n<meta name=\"robots\" content=\"index, follow, max-snippet:-1, max-image-preview:large, max-video-preview:-1\" \/>\n<link rel=\"canonical\" href=\"https:\/\/versdetours.fr\/index.php\/collecte-compost-lombricompost-biodechets-dechets-organiques\/\" \/>\n<meta property=\"og:locale\" content=\"fr_FR\" \/>\n<meta property=\"og:type\" content=\"article\" \/>\n<meta property=\"og:title\" content=\"Collecte - Les Vers de Tours\" \/>\n<meta property=\"og:description\" content=\"Vous aussi faites collecter vos biod\u00e9chets, de mani\u00e8re d\u00e9carbon\u00e9e gr\u00e2ce \u00e0 nos collecteurs \u00e0 v\u00e9lo et remorque. Contactez-nous !\" \/>\n<meta property=\"og:url\" content=\"https:\/\/versdetours.fr\/index.php\/collecte-compost-lombricompost-biodechets-dechets-organiques\/\" \/>\n<meta property=\"og:site_name\" content=\"Les Vers de Tours\" \/>\n<meta property=\"article:publisher\" content=\"https:\/\/www.facebook.com\/Les.Vers.de.Tours\" \/>\n<meta property=\"article:modified_time\" content=\"2024-04-17T19:42:26+00:00\" \/>\n<meta name=\"twitter:card\" content=\"summary_large_image\" \/>\n<meta name=\"twitter:label1\" content=\"Dur\u00e9e de lecture estim\u00e9e\" \/>\n\t<meta name=\"twitter:data1\" content=\"2 minutes\" \/>\n<script type=\"application\/ld+json\" class=\"yoast-schema-graph\">{\"@context\":\"https:\\\/\\\/schema.org\",\"@graph\":[{\"@type\":\"WebPage\",\"@id\":\"https:\\\/\\\/versdetours.fr\\\/index.php\\\/collecte-compost-lombricompost-biodechets-dechets-organiques\\\/\",\"url\":\"https:\\\/\\\/versdetours.fr\\\/index.php\\\/collecte-compost-lombricompost-biodechets-dechets-organiques\\\/\",\"name\":\"Collecte - Les Vers de Tours\",\"isPartOf\":{\"@id\":\"https:\\\/\\\/versdetours.fr\\\/#website\"},\"datePublished\":\"2022-03-09T17:46:53+00:00\",\"dateModified\":\"2024-04-17T19:42:26+00:00\",\"description\":\"Vous aussi faites collecter vos biod\u00e9chets, de mani\u00e8re d\u00e9carbon\u00e9e gr\u00e2ce \u00e0 nos collecteurs \u00e0 v\u00e9lo et remorque. Contactez-nous !\",\"breadcrumb\":{\"@id\":\"https:\\\/\\\/versdetours.fr\\\/index.php\\\/collecte-compost-lombricompost-biodechets-dechets-organiques\\\/#breadcrumb\"},\"inLanguage\":\"fr-FR\",\"potentialAction\":[{\"@type\":\"ReadAction\",\"target\":[\"https:\\\/\\\/versdetours.fr\\\/index.php\\\/collecte-compost-lombricompost-biodechets-dechets-organiques\\\/\"]}]},{\"@type\":\"BreadcrumbList\",\"@id\":\"https:\\\/\\\/versdetours.fr\\\/index.php\\\/collecte-compost-lombricompost-biodechets-dechets-organiques\\\/#breadcrumb\",\"itemListElement\":[{\"@type\":\"ListItem\",\"position\":1,\"name\":\"Accueil\",\"item\":\"https:\\\/\\\/versdetours.fr\\\/\"},{\"@type\":\"ListItem\",\"position\":2,\"name\":\"Collecte\"}]},{\"@type\":\"WebSite\",\"@id\":\"https:\\\/\\\/versdetours.fr\\\/#website\",\"url\":\"https:\\\/\\\/versdetours.fr\\\/\",\"name\":\"Les Vers de Tours\",\"description\":\"Collecte et valorisation des biod\u00e9chets \u00e0 Tours - Compost - Lombricompost d\u00e9chets organiques\",\"publisher\":{\"@id\":\"https:\\\/\\\/versdetours.fr\\\/#organization\"},\"potentialAction\":[{\"@type\":\"SearchAction\",\"target\":{\"@type\":\"EntryPoint\",\"urlTemplate\":\"https:\\\/\\\/versdetours.fr\\\/?s={search_term_string}\"},\"query-input\":{\"@type\":\"PropertyValueSpecification\",\"valueRequired\":true,\"valueName\":\"search_term_string\"}}],\"inLanguage\":\"fr-FR\"},{\"@type\":\"Organization\",\"@id\":\"https:\\\/\\\/versdetours.fr\\\/#organization\",\"name\":\"Les Vers de Tours\",\"url\":\"https:\\\/\\\/versdetours.fr\\\/\",\"logo\":{\"@type\":\"ImageObject\",\"inLanguage\":\"fr-FR\",\"@id\":\"https:\\\/\\\/versdetours.fr\\\/#\\\/schema\\\/logo\\\/image\\\/\",\"url\":\"http:\\\/\\\/versdetours.fr\\\/wp-content\\\/uploads\\\/2022\\\/03\\\/LVDT-Logo-01H-MARRON.png\",\"contentUrl\":\"http:\\\/\\\/versdetours.fr\\\/wp-content\\\/uploads\\\/2022\\\/03\\\/LVDT-Logo-01H-MARRON.png\",\"width\":550,\"height\":196,\"caption\":\"Les Vers de Tours\"},\"image\":{\"@id\":\"https:\\\/\\\/versdetours.fr\\\/#\\\/schema\\\/logo\\\/image\\\/\"},\"sameAs\":[\"https:\\\/\\\/www.facebook.com\\\/Les.Vers.de.Tours\",\"https:\\\/\\\/www.linkedin.com\\\/company\\\/les-vers-de-tours\\\/\"]}]}<\/script>\n<!-- \/ Yoast SEO plugin. -->","yoast_head_json":{"title":"Collecte - Les Vers de Tours","description":"Vous aussi faites collecter vos biod\u00e9chets, de mani\u00e8re d\u00e9carbon\u00e9e gr\u00e2ce \u00e0 nos collecteurs \u00e0 v\u00e9lo et remorque. Contactez-nous !","robots":{"index":"index","follow":"follow","max-snippet":"max-snippet:-1","max-image-preview":"max-image-preview:large","max-video-preview":"max-video-preview:-1"},"canonical":"https:\/\/versdetours.fr\/index.php\/collecte-compost-lombricompost-biodechets-dechets-organiques\/","og_locale":"fr_FR","og_type":"article","og_title":"Collecte - Les Vers de Tours","og_description":"Vous aussi faites collecter vos biod\u00e9chets, de mani\u00e8re d\u00e9carbon\u00e9e gr\u00e2ce \u00e0 nos collecteurs \u00e0 v\u00e9lo et remorque. Contactez-nous !","og_url":"https:\/\/versdetours.fr\/index.php\/collecte-compost-lombricompost-biodechets-dechets-organiques\/","og_site_name":"Les Vers de Tours","article_publisher":"https:\/\/www.facebook.com\/Les.Vers.de.Tours","article_modified_time":"2024-04-17T19:42:26+00:00","twitter_card":"summary_large_image","twitter_misc":{"Dur\u00e9e de lecture estim\u00e9e":"2 minutes"},"schema":{"@context":"https:\/\/schema.org","@graph":[{"@type":"WebPage","@id":"https:\/\/versdetours.fr\/index.php\/collecte-compost-lombricompost-biodechets-dechets-organiques\/","url":"https:\/\/versdetours.fr\/index.php\/collecte-compost-lombricompost-biodechets-dechets-organiques\/","name":"Collecte - Les Vers de Tours","isPartOf":{"@id":"https:\/\/versdetours.fr\/#website"},"datePublished":"2022-03-09T17:46:53+00:00","dateModified":"2024-04-17T19:42:26+00:00","description":"Vous aussi faites collecter vos biod\u00e9chets, de mani\u00e8re d\u00e9carbon\u00e9e gr\u00e2ce \u00e0 nos collecteurs \u00e0 v\u00e9lo et remorque. Contactez-nous !","breadcrumb":{"@id":"https:\/\/versdetours.fr\/index.php\/collecte-compost-lombricompost-biodechets-dechets-organiques\/#breadcrumb"},"inLanguage":"fr-FR","potentialAction":[{"@type":"ReadAction","target":["https:\/\/versdetours.fr\/index.php\/collecte-compost-lombricompost-biodechets-dechets-organiques\/"]}]},{"@type":"BreadcrumbList","@id":"https:\/\/versdetours.fr\/index.php\/collecte-compost-lombricompost-biodechets-dechets-organiques\/#breadcrumb","itemListElement":[{"@type":"ListItem","position":1,"name":"Accueil","item":"https:\/\/versdetours.fr\/"},{"@type":"ListItem","position":2,"name":"Collecte"}]},{"@type":"WebSite","@id":"https:\/\/versdetours.fr\/#website","url":"https:\/\/versdetours.fr\/","name":"Les Vers de Tours","description":"Collecte et valorisation des biod\u00e9chets \u00e0 Tours - Compost - Lombricompost d\u00e9chets organiques","publisher":{"@id":"https:\/\/versdetours.fr\/#organization"},"potentialAction":[{"@type":"SearchAction","target":{"@type":"EntryPoint","urlTemplate":"https:\/\/versdetours.fr\/?s={search_term_string}"},"query-input":{"@type":"PropertyValueSpecification","valueRequired":true,"valueName":"search_term_string"}}],"inLanguage":"fr-FR"},{"@type":"Organization","@id":"https:\/\/versdetours.fr\/#organization","name":"Les Vers de Tours","url":"https:\/\/versdetours.fr\/","logo":{"@type":"ImageObject","inLanguage":"fr-FR","@id":"https:\/\/versdetours.fr\/#\/schema\/logo\/image\/","url":"http:\/\/versdetours.fr\/wp-content\/uploads\/2022\/03\/LVDT-Logo-01H-MARRON.png","contentUrl":"http:\/\/versdetours.fr\/wp-content\/uploads\/2022\/03\/LVDT-Logo-01H-MARRON.png","width":550,"height":196,"caption":"Les Vers de Tours"},"image":{"@id":"https:\/\/versdetours.fr\/#\/schema\/logo\/image\/"},"sameAs":["https:\/\/www.facebook.com\/Les.Vers.de.Tours","https:\/\/www.linkedin.com\/company\/les-vers-de-tours\/"]}]}},"_links":{"self":[{"href":"https:\/\/versdetours.fr\/index.php\/wp-json\/wp\/v2\/pages\/29","targetHints":{"allow":["GET"]}}],"collection":[{"href":"https:\/\/versdetours.fr\/index.php\/wp-json\/wp\/v2\/pages"}],"about":[{"href":"https:\/\/versdetours.fr\/index.php\/wp-json\/wp\/v2\/types\/page"}],"author":[{"embeddable":true,"href":"https:\/\/versdetours.fr\/index.php\/wp-json\/wp\/v2\/users\/1"}],"replies":[{"embeddable":true,"href":"https:\/\/versdetours.fr\/index.php\/wp-json\/wp\/v2\/comments?post=29"}],"version-history":[{"count":2,"href":"https:\/\/versdetours.fr\/index.php\/wp-json\/wp\/v2\/pages\/29\/revisions"}],"predecessor-version":[{"id":350,"href":"https:\/\/versdetours.fr\/index.php\/wp-json\/wp\/v2\/pages\/29\/revisions\/350"}],"wp:attachment":[{"href":"https:\/\/versdetours.fr\/index.php\/wp-json\/wp\/v2\/media?parent=29"}],"curies":[{"name":"wp","href":"https:\/\/api.w.org\/{rel}","templated":true}]}}