{"id":35,"date":"2022-03-09T19:21:46","date_gmt":"2022-03-09T18:21:46","guid":{"rendered":"http:\/\/versdes.cluster029.hosting.ovh.net\/?page_id=35"},"modified":"2025-03-12T21:48:03","modified_gmt":"2025-03-12T20:48:03","slug":"contact","status":"publish","type":"page","link":"https:\/\/versdetours.fr\/index.php\/contact\/","title":{"rendered":"Contact"},"content":{"rendered":"\n<div class=\"wp-block-columns is-layout-flex wp-container-core-columns-is-layout-9d6595d7 wp-block-columns-is-layout-flex\">\n<div class=\"wp-block-column is-layout-flow wp-block-column-is-layout-flow\" style=\"flex-basis:33.33%\">\n<h2 class=\"wp-block-heading\">Contactez-nous<\/h2>\n\n\n\n<p class=\"has-color-accent-mod-color has-color-accent-text-mod-background-color has-text-color has-background\"><strong>T\u00e9l. :<\/strong> 07 60 96 84 78 <br><strong>Facebook : <\/strong><a data-type=\"URL\" data-id=\"https:\/\/www.facebook.com\/Les.Vers.de.Tours\" href=\"https:\/\/www.facebook.com\/Les.Vers.de.Tours\" target=\"_blank\" rel=\"noreferrer noopener\">@Les.Vers.de.Tours<\/a><br><strong>Bureau :<\/strong> <br>1, avenue Th\u00e9r\u00e8se Voisin <br>37000 Tours<\/p>\n\n\n\n<h5 class=\"wp-block-heading has-color-accent-text-mod-color has-color-header-background-mod-background-color has-text-color has-background\">Un besoin, une question, <br>une suggestion ?<br>Utilisez le formulaire <br>ci-contre pour nous contacter par courriel.<\/h5>\n<\/div>\n\n\n\n<div class=\"wp-block-column is-layout-flow wp-block-column-is-layout-flow\" style=\"flex-basis:66.66%\"><style id=\"wpforms-css-vars-654-block-e60a15d1-3a27-4456-b0b7-e4cf51446fc8\">\n\t\t\t\t#wpforms-654.wpforms-block-e60a15d1-3a27-4456-b0b7-e4cf51446fc8 {\n\t\t\t\t--wpforms-button-background-color: #95c11f;\n--wpforms-field-size-input-height: 43px;\n--wpforms-field-size-input-spacing: 15px;\n--wpforms-field-size-font-size: 16px;\n--wpforms-field-size-line-height: 19px;\n--wpforms-field-size-padding-h: 14px;\n--wpforms-field-size-checkbox-size: 16px;\n--wpforms-field-size-sublabel-spacing: 5px;\n--wpforms-field-size-icon-size: 1;\n--wpforms-label-size-font-size: 16px;\n--wpforms-label-size-line-height: 19px;\n--wpforms-label-size-sublabel-font-size: 14px;\n--wpforms-label-size-sublabel-line-height: 17px;\n--wpforms-button-size-font-size: 17px;\n--wpforms-button-size-height: 41px;\n--wpforms-button-size-padding-h: 15px;\n--wpforms-button-size-margin-top: 10px;\n\t\t\t}\n\t\t\t<\/style><div class=\"wpforms-container wpforms-container-full wpforms-block wpforms-block-e60a15d1-3a27-4456-b0b7-e4cf51446fc8 wpforms-render-modern\" id=\"wpforms-654\"><form id=\"wpforms-form-654\" class=\"wpforms-validate wpforms-form wpforms-ajax-form\" data-formid=\"654\" method=\"post\" enctype=\"multipart\/form-data\" action=\"\/index.php\/wp-json\/wp\/v2\/pages\/35\" data-token=\"2f83228e3bbe215f04dfaf91eb73c062\" data-token-time=\"1777125004\"><noscript class=\"wpforms-error-noscript\">Veuillez activer JavaScript dans votre navigateur pour remplir ce formulaire.<\/noscript><div id=\"wpforms-error-noscript\" style=\"display: none;\">Veuillez activer JavaScript dans votre navigateur pour remplir ce formulaire.<\/div><div class=\"wpforms-field-container\"><div id=\"wpforms-654-field_1-container\" class=\"wpforms-field wpforms-field-name\" data-field-id=\"1\"><label class=\"wpforms-field-label\" for=\"wpforms-654-field_1\">Nom <span class=\"wpforms-required-label\" aria-hidden=\"true\">*<\/span><\/label><input type=\"text\" id=\"wpforms-654-field_1\" class=\"wpforms-field-medium wpforms-field-required\" name=\"wpforms[fields][1]\" aria-errormessage=\"wpforms-654-field_1-error\" required><\/div><div id=\"wpforms-654-field_2-container\" class=\"wpforms-field wpforms-field-email\" data-field-id=\"2\"><label class=\"wpforms-field-label\" for=\"wpforms-654-field_2\">E-mail <span class=\"wpforms-required-label\" aria-hidden=\"true\">*<\/span><\/label><input type=\"email\" id=\"wpforms-654-field_2\" class=\"wpforms-field-medium wpforms-field-required\" name=\"wpforms[fields][2]\" spellcheck=\"false\" aria-errormessage=\"wpforms-654-field_2-error\" required><\/div><div id=\"wpforms-654-field_10-container\" class=\"wpforms-field wpforms-field-text\" data-field-id=\"10\"><label class=\"wpforms-field-label\" for=\"wpforms-654-field_10\">Objet <span class=\"wpforms-required-label\" aria-hidden=\"true\">*<\/span><\/label><input type=\"text\" id=\"wpforms-654-field_10\" class=\"wpforms-field-medium wpforms-field-required\" name=\"wpforms[fields][10]\" aria-errormessage=\"wpforms-654-field_10-error\" required><\/div><div id=\"wpforms-654-field_6-container\" class=\"wpforms-field wpforms-field-textarea\" data-field-id=\"6\"><label class=\"wpforms-field-label\" for=\"wpforms-654-field_6\">Votre message <span class=\"wpforms-required-label\" aria-hidden=\"true\">*<\/span><\/label><textarea id=\"wpforms-654-field_6\" class=\"wpforms-field-medium wpforms-field-required\" name=\"wpforms[fields][6]\" placeholder=\"Saisir votre message + votre num\u00e9ro t\u00e9lephone SVP\" aria-errormessage=\"wpforms-654-field_6-error\" aria-describedby=\"wpforms-654-field_6-description\" required><\/textarea><div id=\"wpforms-654-field_6-description\" class=\"wpforms-field-description\">Merci d&rsquo;ajouter votre num\u00e9ro de t\u00e9l\u00e9phone SVP.<\/div><\/div><div id=\"wpforms-654-field_8-container\" class=\"wpforms-field wpforms-field-gdpr-checkbox\" data-field-id=\"8\"><label class=\"wpforms-field-label\">Accord RGPD <span class=\"wpforms-required-label\" aria-hidden=\"true\">*<\/span><\/label><ul id=\"wpforms-654-field_8\" class=\"wpforms-field-required\"><li class=\"choice-1\"><input type=\"checkbox\" id=\"wpforms-654-field_8_1\" name=\"wpforms[fields][8][]\" value=\"Je consens \u00e0 ce que ce site stocke mes informations envoy\u00e9es afin qu\u2019ils puissent r\u00e9pondre \u00e0 ma requ\u00eate.\" aria-errormessage=\"wpforms-654-field_8_1-error\" required ><label class=\"wpforms-field-label-inline\" for=\"wpforms-654-field_8_1\">Je consens \u00e0 ce que ce site stocke mes informations envoy\u00e9es afin qu\u2019ils puissent r\u00e9pondre \u00e0 ma requ\u00eate.<\/label><\/li><\/ul><\/div><\/div><!-- .wpforms-field-container --><div class=\"wpforms-recaptcha-container wpforms-is-turnstile\" ><div class=\"cf-turnstile\" data-sitekey=\"0x4AAAAAAAVs_o_wMxHd0sXr\" data-action=\"FormID-654\"><\/div><input type=\"text\" name=\"g-recaptcha-hidden\" class=\"wpforms-recaptcha-hidden\" style=\"position:absolute!important;clip:rect(0,0,0,0)!important;height:1px!important;width:1px!important;border:0!important;overflow:hidden!important;padding:0!important;margin:0!important;\" data-rule-turnstile=\"1\"><\/div><div class=\"wpforms-submit-container\" ><input type=\"hidden\" name=\"wpforms[id]\" value=\"654\"><input type=\"hidden\" name=\"page_title\" value=\"\"><input type=\"hidden\" name=\"page_url\" value=\"https:\/\/versdetours.fr\/index.php\/wp-json\/wp\/v2\/pages\/35\"><input type=\"hidden\" name=\"url_referer\" value=\"\"><button type=\"submit\" name=\"wpforms[submit]\" id=\"wpforms-submit-654\" class=\"wpforms-submit\" data-alt-text=\"Envoi...\" data-submit-text=\"Envoyer\" aria-live=\"assertive\" value=\"wpforms-submit\">Envoyer<\/button><img loading=\"lazy\" decoding=\"async\" src=\"https:\/\/versdetours.fr\/wp-content\/plugins\/wpforms-lite\/assets\/images\/submit-spin.svg\" class=\"wpforms-submit-spinner\" style=\"display: none;\" width=\"26\" height=\"26\" alt=\"Chargement en cours\"><\/div><\/form><\/div>  <!-- .wpforms-container --><\/div>\n<\/div>\n","protected":false},"excerpt":{"rendered":"<p>Contactez-nous T\u00e9l. : 07 60 96 84 78 Facebook : @Les.Vers.de.ToursBureau : 1, avenue Th\u00e9r\u00e8se Voisin 37000 Tours Un besoin, une question, une suggestion ?Utilisez le formulaire ci-contre pour nous contacter par courriel.<\/p>\n","protected":false},"author":1,"featured_media":0,"parent":0,"menu_order":0,"comment_status":"closed","ping_status":"closed","template":"","meta":{"ocean_post_layout":"","ocean_both_sidebars_style":"","ocean_both_sidebars_content_width":0,"ocean_both_sidebars_sidebars_width":0,"ocean_sidebar":"","ocean_second_sidebar":"","ocean_disable_margins":"enable","ocean_add_body_class":"","ocean_shortcode_before_top_bar":"","ocean_shortcode_after_top_bar":"","ocean_shortcode_before_header":"","ocean_shortcode_after_header":"","ocean_has_shortcode":"","ocean_shortcode_after_title":"","ocean_shortcode_before_footer_widgets":"","ocean_shortcode_after_footer_widgets":"","ocean_shortcode_before_footer_bottom":"","ocean_shortcode_after_footer_bottom":"","ocean_display_top_bar":"default","ocean_display_header":"default","ocean_header_style":"","ocean_center_header_left_menu":"","ocean_custom_header_template":"","ocean_custom_logo":0,"ocean_custom_retina_logo":0,"ocean_custom_logo_max_width":0,"ocean_custom_logo_tablet_max_width":0,"ocean_custom_logo_mobile_max_width":0,"ocean_custom_logo_max_height":0,"ocean_custom_logo_tablet_max_height":0,"ocean_custom_logo_mobile_max_height":0,"ocean_header_custom_menu":"","ocean_menu_typo_font_family":"","ocean_menu_typo_font_subset":"","ocean_menu_typo_font_size":0,"ocean_menu_typo_font_size_tablet":0,"ocean_menu_typo_font_size_mobile":0,"ocean_menu_typo_font_size_unit":"px","ocean_menu_typo_font_weight":"","ocean_menu_typo_font_weight_tablet":"","ocean_menu_typo_font_weight_mobile":"","ocean_menu_typo_transform":"","ocean_menu_typo_transform_tablet":"","ocean_menu_typo_transform_mobile":"","ocean_menu_typo_line_height":0,"ocean_menu_typo_line_height_tablet":0,"ocean_menu_typo_line_height_mobile":0,"ocean_menu_typo_line_height_unit":"","ocean_menu_typo_spacing":0,"ocean_menu_typo_spacing_tablet":0,"ocean_menu_typo_spacing_mobile":0,"ocean_menu_typo_spacing_unit":"","ocean_menu_link_color":"","ocean_menu_link_color_hover":"","ocean_menu_link_color_active":"","ocean_menu_link_background":"","ocean_menu_link_hover_background":"","ocean_menu_link_active_background":"","ocean_menu_social_links_bg":"","ocean_menu_social_hover_links_bg":"","ocean_menu_social_links_color":"","ocean_menu_social_hover_links_color":"","ocean_disable_title":"default","ocean_disable_heading":"default","ocean_post_title":"","ocean_post_subheading":"","ocean_post_title_style":"","ocean_post_title_background_color":"","ocean_post_title_background":0,"ocean_post_title_bg_image_position":"","ocean_post_title_bg_image_attachment":"","ocean_post_title_bg_image_repeat":"","ocean_post_title_bg_image_size":"","ocean_post_title_height":0,"ocean_post_title_bg_overlay":0.5,"ocean_post_title_bg_overlay_color":"","ocean_disable_breadcrumbs":"default","ocean_breadcrumbs_color":"","ocean_breadcrumbs_separator_color":"","ocean_breadcrumbs_links_color":"","ocean_breadcrumbs_links_hover_color":"","ocean_display_footer_widgets":"default","ocean_display_footer_bottom":"default","ocean_custom_footer_template":"","footnotes":""},"class_list":["post-35","page","type-page","status-publish","hentry","entry"],"yoast_head":"<!-- This site is optimized with the Yoast SEO plugin v27.4 - https:\/\/yoast.com\/product\/yoast-seo-wordpress\/ -->\n<title>Contact - Les Vers de Tours<\/title>\n<meta name=\"description\" content=\"Collecte des biod\u00e9chets aupr\u00e8s des professionnels \u00e0 Tours et ses environs. Vente de lombricompost. Contactez-nous !\" \/>\n<meta name=\"robots\" content=\"index, follow, max-snippet:-1, max-image-preview:large, max-video-preview:-1\" \/>\n<link rel=\"canonical\" href=\"https:\/\/versdetours.fr\/index.php\/contact\/\" \/>\n<meta property=\"og:locale\" content=\"fr_FR\" \/>\n<meta property=\"og:type\" content=\"article\" \/>\n<meta property=\"og:title\" content=\"Contact - Les Vers de Tours\" \/>\n<meta property=\"og:description\" content=\"Collecte des biod\u00e9chets aupr\u00e8s des professionnels \u00e0 Tours et ses environs. Vente de lombricompost. Contactez-nous !\" \/>\n<meta property=\"og:url\" content=\"https:\/\/versdetours.fr\/index.php\/contact\/\" \/>\n<meta property=\"og:site_name\" content=\"Les Vers de Tours\" \/>\n<meta property=\"article:publisher\" content=\"https:\/\/www.facebook.com\/Les.Vers.de.Tours\" \/>\n<meta property=\"article:modified_time\" content=\"2025-03-12T20:48:03+00:00\" \/>\n<meta name=\"twitter:card\" content=\"summary_large_image\" \/>\n<meta name=\"twitter:label1\" content=\"Dur\u00e9e de lecture estim\u00e9e\" \/>\n\t<meta name=\"twitter:data1\" content=\"1 minute\" \/>\n<script type=\"application\/ld+json\" class=\"yoast-schema-graph\">{\"@context\":\"https:\\\/\\\/schema.org\",\"@graph\":[{\"@type\":\"WebPage\",\"@id\":\"https:\\\/\\\/versdetours.fr\\\/index.php\\\/contact\\\/\",\"url\":\"https:\\\/\\\/versdetours.fr\\\/index.php\\\/contact\\\/\",\"name\":\"Contact - Les Vers de Tours\",\"isPartOf\":{\"@id\":\"https:\\\/\\\/versdetours.fr\\\/#website\"},\"datePublished\":\"2022-03-09T18:21:46+00:00\",\"dateModified\":\"2025-03-12T20:48:03+00:00\",\"description\":\"Collecte des biod\u00e9chets aupr\u00e8s des professionnels \u00e0 Tours et ses environs. Vente de lombricompost. Contactez-nous !\",\"breadcrumb\":{\"@id\":\"https:\\\/\\\/versdetours.fr\\\/index.php\\\/contact\\\/#breadcrumb\"},\"inLanguage\":\"fr-FR\",\"potentialAction\":[{\"@type\":\"ReadAction\",\"target\":[\"https:\\\/\\\/versdetours.fr\\\/index.php\\\/contact\\\/\"]}]},{\"@type\":\"BreadcrumbList\",\"@id\":\"https:\\\/\\\/versdetours.fr\\\/index.php\\\/contact\\\/#breadcrumb\",\"itemListElement\":[{\"@type\":\"ListItem\",\"position\":1,\"name\":\"Accueil\",\"item\":\"https:\\\/\\\/versdetours.fr\\\/\"},{\"@type\":\"ListItem\",\"position\":2,\"name\":\"Contact\"}]},{\"@type\":\"WebSite\",\"@id\":\"https:\\\/\\\/versdetours.fr\\\/#website\",\"url\":\"https:\\\/\\\/versdetours.fr\\\/\",\"name\":\"Les Vers de Tours\",\"description\":\"Collecte et valorisation des biod\u00e9chets \u00e0 Tours - Compost - Lombricompost d\u00e9chets organiques\",\"publisher\":{\"@id\":\"https:\\\/\\\/versdetours.fr\\\/#organization\"},\"potentialAction\":[{\"@type\":\"SearchAction\",\"target\":{\"@type\":\"EntryPoint\",\"urlTemplate\":\"https:\\\/\\\/versdetours.fr\\\/?s={search_term_string}\"},\"query-input\":{\"@type\":\"PropertyValueSpecification\",\"valueRequired\":true,\"valueName\":\"search_term_string\"}}],\"inLanguage\":\"fr-FR\"},{\"@type\":\"Organization\",\"@id\":\"https:\\\/\\\/versdetours.fr\\\/#organization\",\"name\":\"Les Vers de Tours\",\"url\":\"https:\\\/\\\/versdetours.fr\\\/\",\"logo\":{\"@type\":\"ImageObject\",\"inLanguage\":\"fr-FR\",\"@id\":\"https:\\\/\\\/versdetours.fr\\\/#\\\/schema\\\/logo\\\/image\\\/\",\"url\":\"http:\\\/\\\/versdetours.fr\\\/wp-content\\\/uploads\\\/2022\\\/03\\\/LVDT-Logo-01H-MARRON.png\",\"contentUrl\":\"http:\\\/\\\/versdetours.fr\\\/wp-content\\\/uploads\\\/2022\\\/03\\\/LVDT-Logo-01H-MARRON.png\",\"width\":550,\"height\":196,\"caption\":\"Les Vers de Tours\"},\"image\":{\"@id\":\"https:\\\/\\\/versdetours.fr\\\/#\\\/schema\\\/logo\\\/image\\\/\"},\"sameAs\":[\"https:\\\/\\\/www.facebook.com\\\/Les.Vers.de.Tours\",\"https:\\\/\\\/www.linkedin.com\\\/company\\\/les-vers-de-tours\\\/\"]}]}<\/script>\n<!-- \/ Yoast SEO plugin. -->","yoast_head_json":{"title":"Contact - Les Vers de Tours","description":"Collecte des biod\u00e9chets aupr\u00e8s des professionnels \u00e0 Tours et ses environs. Vente de lombricompost. Contactez-nous !","robots":{"index":"index","follow":"follow","max-snippet":"max-snippet:-1","max-image-preview":"max-image-preview:large","max-video-preview":"max-video-preview:-1"},"canonical":"https:\/\/versdetours.fr\/index.php\/contact\/","og_locale":"fr_FR","og_type":"article","og_title":"Contact - Les Vers de Tours","og_description":"Collecte des biod\u00e9chets aupr\u00e8s des professionnels \u00e0 Tours et ses environs. Vente de lombricompost. Contactez-nous !","og_url":"https:\/\/versdetours.fr\/index.php\/contact\/","og_site_name":"Les Vers de Tours","article_publisher":"https:\/\/www.facebook.com\/Les.Vers.de.Tours","article_modified_time":"2025-03-12T20:48:03+00:00","twitter_card":"summary_large_image","twitter_misc":{"Dur\u00e9e de lecture estim\u00e9e":"1 minute"},"schema":{"@context":"https:\/\/schema.org","@graph":[{"@type":"WebPage","@id":"https:\/\/versdetours.fr\/index.php\/contact\/","url":"https:\/\/versdetours.fr\/index.php\/contact\/","name":"Contact - Les Vers de Tours","isPartOf":{"@id":"https:\/\/versdetours.fr\/#website"},"datePublished":"2022-03-09T18:21:46+00:00","dateModified":"2025-03-12T20:48:03+00:00","description":"Collecte des biod\u00e9chets aupr\u00e8s des professionnels \u00e0 Tours et ses environs. Vente de lombricompost. Contactez-nous !","breadcrumb":{"@id":"https:\/\/versdetours.fr\/index.php\/contact\/#breadcrumb"},"inLanguage":"fr-FR","potentialAction":[{"@type":"ReadAction","target":["https:\/\/versdetours.fr\/index.php\/contact\/"]}]},{"@type":"BreadcrumbList","@id":"https:\/\/versdetours.fr\/index.php\/contact\/#breadcrumb","itemListElement":[{"@type":"ListItem","position":1,"name":"Accueil","item":"https:\/\/versdetours.fr\/"},{"@type":"ListItem","position":2,"name":"Contact"}]},{"@type":"WebSite","@id":"https:\/\/versdetours.fr\/#website","url":"https:\/\/versdetours.fr\/","name":"Les Vers de Tours","description":"Collecte et valorisation des biod\u00e9chets \u00e0 Tours - Compost - Lombricompost d\u00e9chets organiques","publisher":{"@id":"https:\/\/versdetours.fr\/#organization"},"potentialAction":[{"@type":"SearchAction","target":{"@type":"EntryPoint","urlTemplate":"https:\/\/versdetours.fr\/?s={search_term_string}"},"query-input":{"@type":"PropertyValueSpecification","valueRequired":true,"valueName":"search_term_string"}}],"inLanguage":"fr-FR"},{"@type":"Organization","@id":"https:\/\/versdetours.fr\/#organization","name":"Les Vers de Tours","url":"https:\/\/versdetours.fr\/","logo":{"@type":"ImageObject","inLanguage":"fr-FR","@id":"https:\/\/versdetours.fr\/#\/schema\/logo\/image\/","url":"http:\/\/versdetours.fr\/wp-content\/uploads\/2022\/03\/LVDT-Logo-01H-MARRON.png","contentUrl":"http:\/\/versdetours.fr\/wp-content\/uploads\/2022\/03\/LVDT-Logo-01H-MARRON.png","width":550,"height":196,"caption":"Les Vers de Tours"},"image":{"@id":"https:\/\/versdetours.fr\/#\/schema\/logo\/image\/"},"sameAs":["https:\/\/www.facebook.com\/Les.Vers.de.Tours","https:\/\/www.linkedin.com\/company\/les-vers-de-tours\/"]}]}},"_links":{"self":[{"href":"https:\/\/versdetours.fr\/index.php\/wp-json\/wp\/v2\/pages\/35","targetHints":{"allow":["GET"]}}],"collection":[{"href":"https:\/\/versdetours.fr\/index.php\/wp-json\/wp\/v2\/pages"}],"about":[{"href":"https:\/\/versdetours.fr\/index.php\/wp-json\/wp\/v2\/types\/page"}],"author":[{"embeddable":true,"href":"https:\/\/versdetours.fr\/index.php\/wp-json\/wp\/v2\/users\/1"}],"replies":[{"embeddable":true,"href":"https:\/\/versdetours.fr\/index.php\/wp-json\/wp\/v2\/comments?post=35"}],"version-history":[{"count":24,"href":"https:\/\/versdetours.fr\/index.php\/wp-json\/wp\/v2\/pages\/35\/revisions"}],"predecessor-version":[{"id":807,"href":"https:\/\/versdetours.fr\/index.php\/wp-json\/wp\/v2\/pages\/35\/revisions\/807"}],"wp:attachment":[{"href":"https:\/\/versdetours.fr\/index.php\/wp-json\/wp\/v2\/media?parent=35"}],"curies":[{"name":"wp","href":"https:\/\/api.w.org\/{rel}","templated":true}]}}