{"id":59,"date":"2022-03-09T19:36:25","date_gmt":"2022-03-09T18:36:25","guid":{"rendered":"http:\/\/versdes.cluster029.hosting.ovh.net\/?page_id=59"},"modified":"2022-07-26T12:27:03","modified_gmt":"2022-07-26T10:27:03","slug":"actu","status":"publish","type":"page","link":"https:\/\/versdetours.fr\/index.php\/actu\/","title":{"rendered":"Actu"},"content":{"rendered":"\n<h4 class=\"wp-block-heading\"><\/h4>\n\n\n\n<h2 class=\"wp-block-heading\">Nouveaux restaurants collect\u00e9s<\/h2>\n\n\n\n<p><em>08 juin 2022<\/em><br>La gare SNCF de Tours rentre dans la boucle <img loading=\"lazy\" decoding=\"async\" width=\"16\" height=\"16\" src=\"https:\/\/static.xx.fbcdn.net\/images\/emoji.php\/v9\/tea\/2\/16\/1f685.png\" alt=\"\ud83d\ude85\"><img loading=\"lazy\" decoding=\"async\" width=\"16\" height=\"16\" src=\"https:\/\/static.xx.fbcdn.net\/images\/emoji.php\/v9\/t79\/2\/16\/267b.png\" alt=\"\u267b\ufe0f\"><br>Avant son voyage, rien de mieux que pr\u00e9voir un casse-cro\u00fbte dans l&rsquo;un des snacks pr\u00e9sents dans la gare <img loading=\"lazy\" decoding=\"async\" width=\"16\" height=\"16\" src=\"https:\/\/static.xx.fbcdn.net\/images\/emoji.php\/v9\/t9b\/2\/16\/1f96a.png\" alt=\"\ud83e\udd6a\"> Trier les biod\u00e9chets produits sur place est alors un bon moyen de r\u00e9duire les poubelles et de sensibiliser les passagers <img loading=\"lazy\" decoding=\"async\" width=\"16\" height=\"16\" src=\"https:\/\/static.xx.fbcdn.net\/images\/emoji.php\/v9\/tab\/2\/16\/1f345.png\" alt=\"\ud83c\udf45\"><br>Depuis le d\u00e9marrage de l&rsquo;exp\u00e9rimentation, nous avons d\u00e9j\u00e0 sauv\u00e9 115 kg de biod\u00e9chets !<\/p>\n\n\n\n<figure class=\"wp-block-image size-large\"><img loading=\"lazy\" decoding=\"async\" width=\"1024\" height=\"576\" src=\"http:\/\/versdetours.fr\/wp-content\/uploads\/2022\/07\/sncf-1024x576.jpg\" alt=\"\" class=\"wp-image-478\" srcset=\"https:\/\/versdetours.fr\/wp-content\/uploads\/2022\/07\/sncf-1024x576.jpg 1024w, https:\/\/versdetours.fr\/wp-content\/uploads\/2022\/07\/sncf-300x169.jpg 300w, https:\/\/versdetours.fr\/wp-content\/uploads\/2022\/07\/sncf-768x432.jpg 768w, https:\/\/versdetours.fr\/wp-content\/uploads\/2022\/07\/sncf.jpg 1280w\" sizes=\"auto, (max-width: 1024px) 100vw, 1024px\" \/><\/figure>\n\n\n\n<p><br><br><em>27 avril 2022<\/em><br>Chai Max est partenaire des vers de Tours ! <img loading=\"lazy\" decoding=\"async\" width=\"16\" height=\"16\" src=\"https:\/\/static.xx.fbcdn.net\/images\/emoji.php\/v9\/td2\/2\/16\/1f957.png\" alt=\"\ud83e\udd57\">\u200b<br>R\u00e9cemment ouvert, cette jeune \u00e9quipe s&rsquo;oriente vers une cuisine avant tout locale, vertueuse et de qualit\u00e9 ! <img loading=\"lazy\" decoding=\"async\" width=\"16\" height=\"16\" src=\"https:\/\/static.xx.fbcdn.net\/images\/emoji.php\/v9\/t1a\/2\/16\/1f44c.png\" alt=\"\ud83d\udc4c\">\u200b<img loading=\"lazy\" decoding=\"async\" width=\"16\" height=\"16\" src=\"https:\/\/static.xx.fbcdn.net\/images\/emoji.php\/v9\/t1b\/2\/16\/1f52a.png\" alt=\"\ud83d\udd2a\"><img loading=\"lazy\" decoding=\"async\" width=\"16\" height=\"16\" src=\"https:\/\/static.xx.fbcdn.net\/images\/emoji.php\/v9\/t48\/2\/16\/1f353.png\" alt=\"\ud83c\udf53\">\u200b<br>Vous pouvez les d\u00e9couvrir au 30 place Rabelais \u00e0 Tours<img loading=\"lazy\" decoding=\"async\" width=\"16\" height=\"16\" src=\"https:\/\/static.xx.fbcdn.net\/images\/emoji.php\/v9\/t9f\/2\/16\/1f60b.png\" alt=\"\ud83d\ude0b\">\u200b<br><a href=\"https:\/\/chai-max-tours.eatbu.com\/\" target=\"_blank\" rel=\"noreferrer noopener\">https:\/\/chai-max-tours.eatbu.com\/<\/a><\/p>\n\n\n\n<figure class=\"wp-block-image size-large\"><img loading=\"lazy\" decoding=\"async\" width=\"1024\" height=\"768\" src=\"http:\/\/versdetours.fr\/wp-content\/uploads\/2022\/07\/Chaix-max-1024x768.jpg\" alt=\"\" class=\"wp-image-475\" srcset=\"https:\/\/versdetours.fr\/wp-content\/uploads\/2022\/07\/Chaix-max-1024x768.jpg 1024w, https:\/\/versdetours.fr\/wp-content\/uploads\/2022\/07\/Chaix-max-300x225.jpg 300w, https:\/\/versdetours.fr\/wp-content\/uploads\/2022\/07\/Chaix-max-768x576.jpg 768w, https:\/\/versdetours.fr\/wp-content\/uploads\/2022\/07\/Chaix-max-1536x1152.jpg 1536w, https:\/\/versdetours.fr\/wp-content\/uploads\/2022\/07\/Chaix-max.jpg 2048w\" sizes=\"auto, (max-width: 1024px) 100vw, 1024px\" \/><\/figure>\n\n\n\n<p><em>21 avril 2022<\/em><br>Dernier arriv\u00e9 dans notre circuit de collecte de biod\u00e9chets, nous allons d\u00e9sormais nous arr\u00eater place de la Victoire pour r\u00e9cup\u00e9rer leurs \u00e9pluchures de cuisine ! <img loading=\"lazy\" decoding=\"async\" width=\"16\" height=\"16\" src=\"https:\/\/static.xx.fbcdn.net\/images\/emoji.php\/v9\/t1b\/2\/16\/1f52a.png\" alt=\"\ud83d\udd2a\"><img loading=\"lazy\" decoding=\"async\" width=\"16\" height=\"16\" src=\"https:\/\/static.xx.fbcdn.net\/images\/emoji.php\/v9\/td0\/2\/16\/1f955.png\" alt=\"\ud83e\udd55\">Il faut dire que ce restaurant \/ salon de th\u00e9 est attach\u00e9 aux produits locaux et \u00e0 la cuisine maison, c&rsquo;\u00e9tait donc une continuit\u00e9 pour eux de faire appel \u00e0 notre service pour valoriser cette ressource et r\u00e9duire les poubelles, merci <img loading=\"lazy\" decoding=\"async\" width=\"16\" height=\"16\" src=\"https:\/\/static.xx.fbcdn.net\/images\/emoji.php\/v9\/tb\/2\/16\/1f4aa.png\" alt=\"\ud83d\udcaa\"><br><a href=\"http:\/\/lecafeconcept.fr\/?fbclid=IwAR3gK59PPoHsKaB1Nes8OsbDjPWbcVqucjKCvFQRDADlHx3U_2GKFtsa_hA\" target=\"_blank\" rel=\"noreferrer noopener\">http:\/\/lecafeconcept.fr\/<\/a><\/p>\n\n\n\n<figure class=\"wp-block-image size-large\"><img loading=\"lazy\" decoding=\"async\" width=\"1024\" height=\"768\" src=\"http:\/\/versdetours.fr\/wp-content\/uploads\/2022\/04\/cafe-concept-1024x768.jpg\" alt=\"\" class=\"wp-image-459\" srcset=\"https:\/\/versdetours.fr\/wp-content\/uploads\/2022\/04\/cafe-concept-1024x768.jpg 1024w, https:\/\/versdetours.fr\/wp-content\/uploads\/2022\/04\/cafe-concept-300x225.jpg 300w, https:\/\/versdetours.fr\/wp-content\/uploads\/2022\/04\/cafe-concept-768x576.jpg 768w, https:\/\/versdetours.fr\/wp-content\/uploads\/2022\/04\/cafe-concept-1536x1152.jpg 1536w, https:\/\/versdetours.fr\/wp-content\/uploads\/2022\/04\/cafe-concept.jpg 2048w\" sizes=\"auto, (max-width: 1024px) 100vw, 1024px\" \/><\/figure>\n\n\n\n<p><em>02 mars 2022<br><\/em>Nous accueillons <a rel=\"noreferrer noopener\" href=\"http:\/\/toursatable.com\/\" target=\"_blank\">Tours \u00e0 Table<\/a> parmi nos points de collecte des biod\u00e9chets ! Cette entreprise propose des services traiteurs, des s\u00e9ances de d\u00e9gustation et d\u2019\u0153nologie, ou encore des cours de cuisine, pour une activit\u00e9 de coh\u00e9sion ludique et gourmande <img loading=\"lazy\" decoding=\"async\" src=\"https:\/\/static.xx.fbcdn.net\/images\/emoji.php\/v9\/t9f\/2\/16\/1f60b.png\" alt=\"\ud83d\ude0b\" width=\"16\" height=\"16\"> \u00e0 offrir ou s&rsquo;offrir sans mod\u00e9ration! <br><a rel=\"noreferrer noopener\" href=\"http:\/\/toursatable.com\/?fbclid=IwAR0UCxmUhFkuI6__E8ta7cgDj_vExeJXAdAeN5lXEaUI2Rj8IhAguG2Cp6s\" target=\"_blank\">http:\/\/toursatable.com\/<\/a><\/p>\n\n\n\n<figure class=\"wp-block-gallery has-nested-images columns-default is-cropped wp-block-gallery-1 is-layout-flex wp-block-gallery-is-layout-flex\">\n<figure class=\"wp-block-image size-large\"><img loading=\"lazy\" decoding=\"async\" width=\"768\" height=\"1024\" data-id=\"404\" src=\"http:\/\/versdes.cluster029.hosting.ovh.net\/wp-content\/uploads\/2022\/03\/Tours_a_table-03-768x1024.jpg\" alt=\"\" class=\"wp-image-404\" srcset=\"https:\/\/versdetours.fr\/wp-content\/uploads\/2022\/03\/Tours_a_table-03-768x1024.jpg 768w, https:\/\/versdetours.fr\/wp-content\/uploads\/2022\/03\/Tours_a_table-03-225x300.jpg 225w, https:\/\/versdetours.fr\/wp-content\/uploads\/2022\/03\/Tours_a_table-03.jpg 800w\" sizes=\"auto, (max-width: 768px) 100vw, 768px\" \/><\/figure>\n\n\n\n<figure class=\"wp-block-image size-large\"><img loading=\"lazy\" decoding=\"async\" width=\"600\" height=\"800\" data-id=\"331\" src=\"http:\/\/versdes.cluster029.hosting.ovh.net\/wp-content\/uploads\/2022\/03\/Tours_a_table-02-1.jpg\" alt=\"\" class=\"wp-image-331\" srcset=\"https:\/\/versdetours.fr\/wp-content\/uploads\/2022\/03\/Tours_a_table-02-1.jpg 600w, https:\/\/versdetours.fr\/wp-content\/uploads\/2022\/03\/Tours_a_table-02-1-225x300.jpg 225w\" sizes=\"auto, (max-width: 600px) 100vw, 600px\" \/><\/figure>\n<\/figure>\n","protected":false},"excerpt":{"rendered":"<p>Nouveaux restaurants collect\u00e9s 08 juin 2022La gare SNCF de Tours rentre dans la boucle Avant son voyage, rien de mieux que pr\u00e9voir un casse-cro\u00fbte dans l&rsquo;un des snacks pr\u00e9sents dans la gare Trier les biod\u00e9chets produits sur place est alors un bon moyen de r\u00e9duire les poubelles et de sensibiliser les passagers Depuis le d\u00e9marrage [&hellip;]<\/p>\n","protected":false},"author":1,"featured_media":0,"parent":0,"menu_order":0,"comment_status":"closed","ping_status":"closed","template":"","meta":{"ocean_post_layout":"full-width","ocean_both_sidebars_style":"","ocean_both_sidebars_content_width":0,"ocean_both_sidebars_sidebars_width":0,"ocean_sidebar":"0","ocean_second_sidebar":"0","ocean_disable_margins":"enable","ocean_add_body_class":"","ocean_shortcode_before_top_bar":"","ocean_shortcode_after_top_bar":"","ocean_shortcode_before_header":"","ocean_shortcode_after_header":"","ocean_has_shortcode":"","ocean_shortcode_after_title":"","ocean_shortcode_before_footer_widgets":"","ocean_shortcode_after_footer_widgets":"","ocean_shortcode_before_footer_bottom":"","ocean_shortcode_after_footer_bottom":"","ocean_display_top_bar":"default","ocean_display_header":"default","ocean_header_style":"","ocean_center_header_left_menu":"0","ocean_custom_header_template":"0","ocean_custom_logo":0,"ocean_custom_retina_logo":0,"ocean_custom_logo_max_width":0,"ocean_custom_logo_tablet_max_width":0,"ocean_custom_logo_mobile_max_width":0,"ocean_custom_logo_max_height":0,"ocean_custom_logo_tablet_max_height":0,"ocean_custom_logo_mobile_max_height":0,"ocean_header_custom_menu":"0","ocean_menu_typo_font_family":"0","ocean_menu_typo_font_subset":"","ocean_menu_typo_font_size":0,"ocean_menu_typo_font_size_tablet":0,"ocean_menu_typo_font_size_mobile":0,"ocean_menu_typo_font_size_unit":"px","ocean_menu_typo_font_weight":"","ocean_menu_typo_font_weight_tablet":"","ocean_menu_typo_font_weight_mobile":"","ocean_menu_typo_transform":"","ocean_menu_typo_transform_tablet":"","ocean_menu_typo_transform_mobile":"","ocean_menu_typo_line_height":0,"ocean_menu_typo_line_height_tablet":0,"ocean_menu_typo_line_height_mobile":0,"ocean_menu_typo_line_height_unit":"","ocean_menu_typo_spacing":0,"ocean_menu_typo_spacing_tablet":0,"ocean_menu_typo_spacing_mobile":0,"ocean_menu_typo_spacing_unit":"","ocean_menu_link_color":"","ocean_menu_link_color_hover":"","ocean_menu_link_color_active":"","ocean_menu_link_background":"","ocean_menu_link_hover_background":"","ocean_menu_link_active_background":"","ocean_menu_social_links_bg":"","ocean_menu_social_hover_links_bg":"","ocean_menu_social_links_color":"","ocean_menu_social_hover_links_color":"","ocean_disable_title":"default","ocean_disable_heading":"default","ocean_post_title":"","ocean_post_subheading":"","ocean_post_title_style":"","ocean_post_title_background_color":"","ocean_post_title_background":0,"ocean_post_title_bg_image_position":"","ocean_post_title_bg_image_attachment":"","ocean_post_title_bg_image_repeat":"","ocean_post_title_bg_image_size":"","ocean_post_title_height":0,"ocean_post_title_bg_overlay":0.5,"ocean_post_title_bg_overlay_color":"","ocean_disable_breadcrumbs":"default","ocean_breadcrumbs_color":"","ocean_breadcrumbs_separator_color":"","ocean_breadcrumbs_links_color":"","ocean_breadcrumbs_links_hover_color":"","ocean_display_footer_widgets":"default","ocean_display_footer_bottom":"default","ocean_custom_footer_template":"0","footnotes":""},"class_list":["post-59","page","type-page","status-publish","hentry","entry"],"yoast_head":"<!-- This site is optimized with the Yoast SEO plugin v27.4 - https:\/\/yoast.com\/product\/yoast-seo-wordpress\/ -->\n<title>Actu - Les Vers de Tours<\/title>\n<meta name=\"robots\" content=\"index, follow, max-snippet:-1, max-image-preview:large, max-video-preview:-1\" \/>\n<link rel=\"canonical\" href=\"https:\/\/versdetours.fr\/index.php\/actu\/\" \/>\n<meta property=\"og:locale\" content=\"fr_FR\" \/>\n<meta property=\"og:type\" content=\"article\" \/>\n<meta property=\"og:title\" content=\"Actu - Les Vers de Tours\" \/>\n<meta property=\"og:description\" content=\"Nouveaux restaurants collect\u00e9s 08 juin 2022La gare SNCF de Tours rentre dans la boucle Avant son voyage, rien de mieux que pr\u00e9voir un casse-cro\u00fbte dans l&rsquo;un des snacks pr\u00e9sents dans la gare Trier les biod\u00e9chets produits sur place est alors un bon moyen de r\u00e9duire les poubelles et de sensibiliser les passagers Depuis le d\u00e9marrage [&hellip;]\" \/>\n<meta property=\"og:url\" content=\"https:\/\/versdetours.fr\/index.php\/actu\/\" \/>\n<meta property=\"og:site_name\" content=\"Les Vers de Tours\" \/>\n<meta property=\"article:publisher\" content=\"https:\/\/www.facebook.com\/Les.Vers.de.Tours\" \/>\n<meta property=\"article:modified_time\" content=\"2022-07-26T10:27:03+00:00\" \/>\n<meta property=\"og:image\" content=\"https:\/\/static.xx.fbcdn.net\/images\/emoji.php\/v9\/tea\/2\/16\/1f685.png\" \/>\n<meta name=\"twitter:card\" content=\"summary_large_image\" \/>\n<meta name=\"twitter:label1\" content=\"Dur\u00e9e de lecture estim\u00e9e\" \/>\n\t<meta name=\"twitter:data1\" content=\"5 minutes\" \/>\n<script type=\"application\/ld+json\" class=\"yoast-schema-graph\">{\"@context\":\"https:\\\/\\\/schema.org\",\"@graph\":[{\"@type\":\"WebPage\",\"@id\":\"https:\\\/\\\/versdetours.fr\\\/index.php\\\/actu\\\/\",\"url\":\"https:\\\/\\\/versdetours.fr\\\/index.php\\\/actu\\\/\",\"name\":\"Actu - Les Vers de Tours\",\"isPartOf\":{\"@id\":\"https:\\\/\\\/versdetours.fr\\\/#website\"},\"primaryImageOfPage\":{\"@id\":\"https:\\\/\\\/versdetours.fr\\\/index.php\\\/actu\\\/#primaryimage\"},\"image\":{\"@id\":\"https:\\\/\\\/versdetours.fr\\\/index.php\\\/actu\\\/#primaryimage\"},\"thumbnailUrl\":\"https:\\\/\\\/static.xx.fbcdn.net\\\/images\\\/emoji.php\\\/v9\\\/tea\\\/2\\\/16\\\/1f685.png\",\"datePublished\":\"2022-03-09T18:36:25+00:00\",\"dateModified\":\"2022-07-26T10:27:03+00:00\",\"breadcrumb\":{\"@id\":\"https:\\\/\\\/versdetours.fr\\\/index.php\\\/actu\\\/#breadcrumb\"},\"inLanguage\":\"fr-FR\",\"potentialAction\":[{\"@type\":\"ReadAction\",\"target\":[\"https:\\\/\\\/versdetours.fr\\\/index.php\\\/actu\\\/\"]}]},{\"@type\":\"ImageObject\",\"inLanguage\":\"fr-FR\",\"@id\":\"https:\\\/\\\/versdetours.fr\\\/index.php\\\/actu\\\/#primaryimage\",\"url\":\"https:\\\/\\\/static.xx.fbcdn.net\\\/images\\\/emoji.php\\\/v9\\\/tea\\\/2\\\/16\\\/1f685.png\",\"contentUrl\":\"https:\\\/\\\/static.xx.fbcdn.net\\\/images\\\/emoji.php\\\/v9\\\/tea\\\/2\\\/16\\\/1f685.png\"},{\"@type\":\"BreadcrumbList\",\"@id\":\"https:\\\/\\\/versdetours.fr\\\/index.php\\\/actu\\\/#breadcrumb\",\"itemListElement\":[{\"@type\":\"ListItem\",\"position\":1,\"name\":\"Accueil\",\"item\":\"https:\\\/\\\/versdetours.fr\\\/\"},{\"@type\":\"ListItem\",\"position\":2,\"name\":\"Actu\"}]},{\"@type\":\"WebSite\",\"@id\":\"https:\\\/\\\/versdetours.fr\\\/#website\",\"url\":\"https:\\\/\\\/versdetours.fr\\\/\",\"name\":\"Les Vers de Tours\",\"description\":\"Collecte et valorisation des biod\u00e9chets \u00e0 Tours - Compost - Lombricompost d\u00e9chets organiques\",\"publisher\":{\"@id\":\"https:\\\/\\\/versdetours.fr\\\/#organization\"},\"potentialAction\":[{\"@type\":\"SearchAction\",\"target\":{\"@type\":\"EntryPoint\",\"urlTemplate\":\"https:\\\/\\\/versdetours.fr\\\/?s={search_term_string}\"},\"query-input\":{\"@type\":\"PropertyValueSpecification\",\"valueRequired\":true,\"valueName\":\"search_term_string\"}}],\"inLanguage\":\"fr-FR\"},{\"@type\":\"Organization\",\"@id\":\"https:\\\/\\\/versdetours.fr\\\/#organization\",\"name\":\"Les Vers de Tours\",\"url\":\"https:\\\/\\\/versdetours.fr\\\/\",\"logo\":{\"@type\":\"ImageObject\",\"inLanguage\":\"fr-FR\",\"@id\":\"https:\\\/\\\/versdetours.fr\\\/#\\\/schema\\\/logo\\\/image\\\/\",\"url\":\"http:\\\/\\\/versdetours.fr\\\/wp-content\\\/uploads\\\/2022\\\/03\\\/LVDT-Logo-01H-MARRON.png\",\"contentUrl\":\"http:\\\/\\\/versdetours.fr\\\/wp-content\\\/uploads\\\/2022\\\/03\\\/LVDT-Logo-01H-MARRON.png\",\"width\":550,\"height\":196,\"caption\":\"Les Vers de Tours\"},\"image\":{\"@id\":\"https:\\\/\\\/versdetours.fr\\\/#\\\/schema\\\/logo\\\/image\\\/\"},\"sameAs\":[\"https:\\\/\\\/www.facebook.com\\\/Les.Vers.de.Tours\",\"https:\\\/\\\/www.linkedin.com\\\/company\\\/les-vers-de-tours\\\/\"]}]}<\/script>\n<!-- \/ Yoast SEO plugin. -->","yoast_head_json":{"title":"Actu - Les Vers de Tours","robots":{"index":"index","follow":"follow","max-snippet":"max-snippet:-1","max-image-preview":"max-image-preview:large","max-video-preview":"max-video-preview:-1"},"canonical":"https:\/\/versdetours.fr\/index.php\/actu\/","og_locale":"fr_FR","og_type":"article","og_title":"Actu - Les Vers de Tours","og_description":"Nouveaux restaurants collect\u00e9s 08 juin 2022La gare SNCF de Tours rentre dans la boucle Avant son voyage, rien de mieux que pr\u00e9voir un casse-cro\u00fbte dans l&rsquo;un des snacks pr\u00e9sents dans la gare Trier les biod\u00e9chets produits sur place est alors un bon moyen de r\u00e9duire les poubelles et de sensibiliser les passagers Depuis le d\u00e9marrage [&hellip;]","og_url":"https:\/\/versdetours.fr\/index.php\/actu\/","og_site_name":"Les Vers de Tours","article_publisher":"https:\/\/www.facebook.com\/Les.Vers.de.Tours","article_modified_time":"2022-07-26T10:27:03+00:00","og_image":[{"url":"https:\/\/static.xx.fbcdn.net\/images\/emoji.php\/v9\/tea\/2\/16\/1f685.png","type":"","width":"","height":""}],"twitter_card":"summary_large_image","twitter_misc":{"Dur\u00e9e de lecture estim\u00e9e":"5 minutes"},"schema":{"@context":"https:\/\/schema.org","@graph":[{"@type":"WebPage","@id":"https:\/\/versdetours.fr\/index.php\/actu\/","url":"https:\/\/versdetours.fr\/index.php\/actu\/","name":"Actu - Les Vers de Tours","isPartOf":{"@id":"https:\/\/versdetours.fr\/#website"},"primaryImageOfPage":{"@id":"https:\/\/versdetours.fr\/index.php\/actu\/#primaryimage"},"image":{"@id":"https:\/\/versdetours.fr\/index.php\/actu\/#primaryimage"},"thumbnailUrl":"https:\/\/static.xx.fbcdn.net\/images\/emoji.php\/v9\/tea\/2\/16\/1f685.png","datePublished":"2022-03-09T18:36:25+00:00","dateModified":"2022-07-26T10:27:03+00:00","breadcrumb":{"@id":"https:\/\/versdetours.fr\/index.php\/actu\/#breadcrumb"},"inLanguage":"fr-FR","potentialAction":[{"@type":"ReadAction","target":["https:\/\/versdetours.fr\/index.php\/actu\/"]}]},{"@type":"ImageObject","inLanguage":"fr-FR","@id":"https:\/\/versdetours.fr\/index.php\/actu\/#primaryimage","url":"https:\/\/static.xx.fbcdn.net\/images\/emoji.php\/v9\/tea\/2\/16\/1f685.png","contentUrl":"https:\/\/static.xx.fbcdn.net\/images\/emoji.php\/v9\/tea\/2\/16\/1f685.png"},{"@type":"BreadcrumbList","@id":"https:\/\/versdetours.fr\/index.php\/actu\/#breadcrumb","itemListElement":[{"@type":"ListItem","position":1,"name":"Accueil","item":"https:\/\/versdetours.fr\/"},{"@type":"ListItem","position":2,"name":"Actu"}]},{"@type":"WebSite","@id":"https:\/\/versdetours.fr\/#website","url":"https:\/\/versdetours.fr\/","name":"Les Vers de Tours","description":"Collecte et valorisation des biod\u00e9chets \u00e0 Tours - Compost - Lombricompost d\u00e9chets organiques","publisher":{"@id":"https:\/\/versdetours.fr\/#organization"},"potentialAction":[{"@type":"SearchAction","target":{"@type":"EntryPoint","urlTemplate":"https:\/\/versdetours.fr\/?s={search_term_string}"},"query-input":{"@type":"PropertyValueSpecification","valueRequired":true,"valueName":"search_term_string"}}],"inLanguage":"fr-FR"},{"@type":"Organization","@id":"https:\/\/versdetours.fr\/#organization","name":"Les Vers de Tours","url":"https:\/\/versdetours.fr\/","logo":{"@type":"ImageObject","inLanguage":"fr-FR","@id":"https:\/\/versdetours.fr\/#\/schema\/logo\/image\/","url":"http:\/\/versdetours.fr\/wp-content\/uploads\/2022\/03\/LVDT-Logo-01H-MARRON.png","contentUrl":"http:\/\/versdetours.fr\/wp-content\/uploads\/2022\/03\/LVDT-Logo-01H-MARRON.png","width":550,"height":196,"caption":"Les Vers de Tours"},"image":{"@id":"https:\/\/versdetours.fr\/#\/schema\/logo\/image\/"},"sameAs":["https:\/\/www.facebook.com\/Les.Vers.de.Tours","https:\/\/www.linkedin.com\/company\/les-vers-de-tours\/"]}]}},"_links":{"self":[{"href":"https:\/\/versdetours.fr\/index.php\/wp-json\/wp\/v2\/pages\/59","targetHints":{"allow":["GET"]}}],"collection":[{"href":"https:\/\/versdetours.fr\/index.php\/wp-json\/wp\/v2\/pages"}],"about":[{"href":"https:\/\/versdetours.fr\/index.php\/wp-json\/wp\/v2\/types\/page"}],"author":[{"embeddable":true,"href":"https:\/\/versdetours.fr\/index.php\/wp-json\/wp\/v2\/users\/1"}],"replies":[{"embeddable":true,"href":"https:\/\/versdetours.fr\/index.php\/wp-json\/wp\/v2\/comments?post=59"}],"version-history":[{"count":20,"href":"https:\/\/versdetours.fr\/index.php\/wp-json\/wp\/v2\/pages\/59\/revisions"}],"predecessor-version":[{"id":479,"href":"https:\/\/versdetours.fr\/index.php\/wp-json\/wp\/v2\/pages\/59\/revisions\/479"}],"wp:attachment":[{"href":"https:\/\/versdetours.fr\/index.php\/wp-json\/wp\/v2\/media?parent=59"}],"curies":[{"name":"wp","href":"https:\/\/api.w.org\/{rel}","templated":true}]}}